its digit of f(4)?
8
Suppose -5*b + 1760 = -2*n, 0 = 3*b + 3*n - 2*n - 1056. Suppose 1412 - b = 4*l. What is the tens digit of l?
6
Let o be 0/(-1) - (4 + 304). Let h = -130 - o. What is the tens digit of (-7)/21 - h/(-3)?
5
Let j(v) be the first derivative of -5*v**4 - v**3/3 + v**2/2 + v - 2. Let p = -107 + 106. What is the units digit of j(p)?
9
Let a(r) = 6*r**2 - 2*r + 4. Let y be 255/11 + 4/(-22). Let i = 26 - y. What is the tens digit of a(i)?
5
Suppose 3*i + 4*w - 1542 = 0, 5*i - w = 2*w + 2599. Suppose -2*k + i + 298 = 4*j, -5*k = 4*j - 816. What is the tens digit of 1/(3*4/j)?
1
Suppose 13*k + 12 = 16*k. Suppose -k*l + 7 + 1 = 0, -l = 2*y - 72. What is the tens digit of y?
3
Let t = -2618 - -4238. What is the thousands digit of t?
1
Suppose -2*h - 5*u = -256, -3*u = -8*u - 20. What is the hundreds digit of h?
1
Let d(n) = 16*n**2 - 6*n - 2. What is the units digit of d(3)?
4
Let p(g) = -g**2 + 1. Let r be (-10)/(-4)*(-4)/(-10). Let j be p(r). Suppose j = 5*u - 5*s - 40, s = 3*u + 6*s - 48. What is the units digit of u?
1
Let z(r) = -r**3 - 7*r**2 + 5*r - 5. Let i be z(-8). Suppose v - 9 = i. Let t = v + -3. What is the tens digit of t?
2
Suppose -10*w + 4125 - 415 = 0. What is the tens digit of w?
7
Let b(s) = s + 0*s + s - 4. Suppose 0 = 14*j + 25 - 123. What is the tens digit of b(j)?
1
Let k be 1*174*4/8. Suppose 0 = -7*w + k + 298. What is the tens digit of w?
5
Suppose -2*o - 36*t = -37*t - 1304, -4 = -t. What is the tens digit of o?
5
Suppose 3*o - 2*o + 4*q + 1 = 0, 4 = -4*q. Suppose -3*i = o + 12. What is the units digit of 8/20 - 28/i?
6
Let i = 56 - 26. Let j(s) = -s + 6. Let d be j(-13). Let l = i + d. What is the tens digit of l?
4
Suppose 5*y = 4*y + 2. Let g = 4 - y. What is the tens digit of ((-52)/6)/(g/(-3))?
1
Suppose -3112 = -60*s + 56*s. What is the hundreds digit of s?
7
Let j(r) = 7 - 4*r + 9*r**2 - 3 - 7*r**2 - r**2. What is the hundreds digit of j(-12)?
1
Let x(s) = 3*s**2 - 6. Let d(o) = 2*o**2 - 4. Let z(m) = 7*d(m) - 5*x(m). Let y be z(2). What is the tens digit of 37 + y/(6/(-9))?
4
Let t(l) = l**2 + 8*l + 12. Let m be t(-6). Suppose m = 10*q - 134 - 406. What is the tens digit of q?
5
Suppose -4*s = 3*t - 1 + 5, 4*s + 16 = 0. Suppose -6*f + t*f + 152 = 0. What is the tens digit of f?
7
Let s be (-3)/1 + -18 + 21. Suppose s = -2*m + 460 - 120. What is the tens digit of m?
7
Let s(m) = 61*m - 266. What is the thousands digit of s(33)?
1
Let a(t) = -t**3 + 14*t**2 + 2. Let q be a(14). Suppose q*y - 42 = -2*x, 0 = -3*y - x + 32 + 23. What is the units digit of (y + -4)/(-1 - -2)?
3
Let a = 81 + -10. Suppose y = 4*g - 16, -g - 5*y - 13 = -y. Suppose -6 + 3 = -g*q, -4*d + 5*q = -a. What is the tens digit of d?
1
Let c(o) = 7*o**3 - 2*o**2 - o - 1. Let a be c(-3). Let x = a - -314. What is the hundreds digit of x?
1
Suppose 6*r = 27 + 27. What is the units digit of r?
9
Let a(b) = -15*b - 10. What is the tens digit of a(-22)?
2
Let t = -181 - -16. Let s = t + 289. What is the units digit of s?
4
Suppose 4*k + 5*t - 364 = 342, -4*t - 187 = -k. Suppose -h = 3*y - 35, -3*h - y = 74 - k. What is the units digit of h?
5
Suppose 2*c - 2*r - 278 = 40, -5*r + 20 = 0. Let u = c - 100. What is the units digit of u?
3
Suppose -5*m = -b + 33, 4*m + m = -b - 7. Let q = -3 - b. What is the tens digit of q/(-4) + 42/1?
4
Suppose -5*p + o + 4*o + 1375 = 0, 2*o = -4*p + 1088. What is the tens digit of p?
7
Let v(w) = 2*w**3 + w**2 + w - 1. Let j be v(1). Suppose j*z = 0, 3*z + z = -4*l + 344. Suppose f + f - l = 0. What is the tens digit of f?
4
Suppose -16*c + 46152 = -26888. What is the tens digit of c?
6
Suppose -p + 19 + 34 = 0. Let w = p - -36. What is the tens digit of w?
8
Suppose -4*a - 42 = 2*a. Suppose -5*d - 5 = 0, -4*f - 2*d + 210 = 76. Let l = a + f. What is the units digit of l?
7
Suppose -4*x + 7*i = 6*i - 15806, 0 = 3*i - 6. What is the units digit of x?
2
Suppose -3*p + d - 7 = 15, -29 = p + 4*d. Let y = 15 + p. What is the units digit of y?
6
Let t be (-2 - -6)/8*0. Let z(a) = -a**3 - 2*a**2 + 5*a + 1. Let q be z(-6). Suppose -11*m + 16*m - q = t. What is the tens digit of m?
2
Suppose 0 = -4*m + c + 5717, 2*m + c - 2859 - 4 = 0. What is the units digit of m?
0
Let k(n) = -5*n**2 - n + 13. Let i be k(3). What is the units digit of (-10)/i + (-1674)/21*-1?
0
Suppose 4*c - 3 = 5*c + 5*k, 2*c = 2*k + 6. Suppose -2*h = c*h - 12. Let b(s) = s**2 + 3*s + 1. What is the tens digit of b(h)?
1
Let n(x) be the third derivative of x**5/10 - x**4/4 + 13*x**3/6 - 9*x**2. What is the units digit of n(-6)?
5
Let d = 550 - -1172. What is the tens digit of d?
2
What is the hundreds digit of (6 + 6 + -5)*209?
4
Suppose 104 = -2*s - m, -101 = -4*s - 5*m - 321. Let g = -26 - s. What is the tens digit of g?
2
Let x = 130 - 46. Let w = x + -78. What is the units digit of w?
6
Suppose 5095*v - 15512 = 5081*v. What is the hundreds digit of v?
1
What is the units digit of (-7)/7*-5 + 15?
0
Let x = 22 + 3. Let p = 1 + x. Suppose -2*f + 3*f = -3, m - 5*f = p. What is the tens digit of m?
1
Suppose 243*k - 236*k - 266 = 0. Suppose -4*n = -0*n - 12. Suppose -p - k = -n*p. What is the tens digit of p?
1
Let i = 18 + -12. Let j(g) = g + 5. What is the tens digit of j(i)?
1
Suppose -2*a - 14 = -9*a. Suppose -f + a = -3, -4*j - 3*f + 583 = 0. What is the hundreds digit of j?
1
Suppose 2135 = 10*a - 12875. What is the thousands digit of a?
1
Suppose 0*v - 2*v = x - 12, -5*x - 5*v = -45. Suppose -5*y - 2*w = -452, -2*w + 4 = 2. Suppose y = x*l - l. What is the units digit of l?
8
Let d = 351 + -171. Suppose -t = 2*t - d. What is the tens digit of t?
6
Let w(f) = 192*f**3 + 2*f + 1. Let n be w(-1). Let t = -30 - n. What is the units digit of t?
3
Let b = 816 + -510. Let l = -162 + b. What is the hundreds digit of l?
1
Let g(n) = -n**3 + 6*n**2 + 7*n + 2. Let b be g(7). Suppose 301 = w + b*w + 5*m, 3*m - 297 = -3*w. What is the tens digit of w?
9
Let y be (-1)/(39/(-21) - -2). Let r be (-115)/(-7) + 3/y. Let j = r - 9. What is the units digit of j?
7
Let k(w) = 14*w**2 - 6*w - 29. What is the hundreds digit of k(7)?
6
Let x be (-9)/27 + 2 + 2/6. Let n(o) = 23*o**3 - 3*o**2 - o. What is the tens digit of n(x)?
7
Suppose 2*a + 41*q - 39*q = 1034, 4*q - 1044 = -2*a. What is the units digit of a?
2
Suppose -7*x = 801 - 11504. What is the units digit of x?
9
Let m(g) = 7 + 8 - g**2 - 7*g - 4*g - 7. Let d be m(-11). Suppose 0 = 4*i - 40 - d. What is the units digit of i?
2
Suppose 28*u + 3456 = 19416. What is the units digit of u?
0
Suppose 0 = -17*w + 498 + 352. What is the tens digit of w?
5
Let d = -84 + 146. Suppose -62 = -4*a + d. What is the tens digit of a?
3
Suppose 0 = -4*w + 2*h + 26, -4*w = -w + 3*h + 3. Let a(p) = 6*p - 4. What is the units digit of a(w)?
0
Let i = 79 + -73. Suppose 0 = -4*t - 5*g + 137, -i = -5*g + 19. What is the tens digit of t?
2
Let n(h) = 3*h**2 - 5*h. Suppose -4*k = 2*u - 22, 16 = 5*k - k. Let i be (7 - u)/((-1)/1). What is the tens digit of n(i)?
6
What is the hundreds digit of 37*(11 - 56/8)?
1
Suppose 22 = h - c, -4*h = -9*h - 3*c + 110. Let q be 6/21 - (-214)/(-14). Let u = q + h. What is the units digit of u?
7
Let d(x) be the third derivative of x**6/120 - x**5/12 + x**4/8 - 2*x**3/3 - x**2. Let z be (3/(-6))/((-14)/140). What is the units digit of d(z)?
1
Let g be (-2)/(-13) - 150/(-39). Suppose 2*y - y - 3*r - 18 = 0, g*r + 10 = -y. Let b = y + -4. What is the units digit of b?
2
Suppose 15*q = -35*q + 182050. What is the units digit of q?
1
Let x(z) = 37*z**2 - 38*z + 44. What is the units digit of x(8)?
8
Let g(v) = -v**2 + v + 6. Let z be g(7). Suppose -4*b = -4*p + 5*p + 25, 3*p - 3*b + 15 = 0. What is the units digit of 8/z + (-227)/p?
5
Let d = 32 - -3. Suppose -3*x - d = -4*x. What is the units digit of x?
5
Suppose 8*o = 3 - 11. Let u(w) = -4*w + 2. What is the units digit of u(o)?
6
Let y = 154 + -70. Let l be (65 - 5)*(0 + -1). Let i = l + y. What is the tens digit of i?
2
Suppose -14 - 26 = 2*q. Let v be 41 - 0 - (-4 - 0). Let j = v + q. What is the tens digit of j?
2
Let g(x) = x**3 + 15*x**2 + 19*x + 34. What is the thousands digit of g(11)?
3
Let a be (0 - 2/(-4))*(211 - 7). Let m = 170 - a. What is the units digit of m?
8
Let g = -474 - -240. Let a = -125 - g. What is the hundreds digit of 